1664. Is c a prime number?
False
Let x(n) = -n**3 + 22*n**2 - 14*n. Let z be x(8). Suppose -o + z = -2855. Is o prime?
False
Let t be 36/44 + 3 - (-14)/77. Suppose t*s - 4*v + 666 = 3002, -1755 = -3*s + 2*v. Is s a prime number?
True
Suppose -2*k + 2 = -2. Suppose k*c = -4*i + 2228 + 4590, -3*c + 2*i + 10219 = 0. Is c a prime number?
True
Suppose 1026091 - 5909111 = -63*y - 33217. Is y a composite number?
True
Is ((-2)/(-7) + 82636/21)*87/2 a composite number?
True
Let v = -234362 + 409113. Is v a composite number?
True
Let d(z) = 7637*z**2 + z + 1. Let v = -364 + 365. Is d(v) a composite number?
False
Let p = -806 + 4749. Is p prime?
True
Let t = 48 + -81. Let r = -756 + 872. Let i = r - t. Is i a prime number?
True
Suppose 0 = 315*g - 313*g + 1462. Let a = 1948 + g. Is a a composite number?
False
Let c(w) = -53*w + 16. Let d be c(4). Is 7/(d/(-8)) + 45585/21 a composite number?
True
Let n(b) = -20*b**3 - 3*b**2 + 5*b - 5. Let y be n(-7). Suppose -9*h + 50373 = 12933. Let s = y - h. Is s prime?
False
Suppose 34*d + 46 = -1280. Is 26/d + 98367/9 a prime number?
False
Is 12/(-48)*52 + 22626 prime?
True
Suppose -8 = -4*g - 4. Suppose g = -q + 10. Suppose -q*j = -3*j - 7554. Is j prime?
True
Suppose -16 = 2*c - 108. Let d = c - 47. Is d/((-2)/(-11) + (-189)/979) composite?
False
Let v(a) = a**3 - 18*a**2 + 18*a + 25. Let q be v(17). Suppose 4*k + 221 = -k + 4*w, k + q = 3*w. Let z = k + 366. Is z composite?
True
Suppose 2*n = -z + 166924, 418*z = n + 421*z - 83477. Is n a composite number?
False
Suppose 2*f = 4*m + 249 - 37, 5*f - 585 = -m. Suppose -f = 5*w - 7*w. Let a = 140 - w. Is a prime?
False
Let p = 42238 + -24231. Is p prime?
False
Let t = -156 + 42. Let s be (-26)/(-39)*t/(-4). Suppose 5435 = 24*g - s*g. Is g a composite number?
False
Suppose -163*c = -189*c + 4279574. Is c a prime number?
True
Let q(n) be the first derivative of -55*n**4/4 + 2*n**3/3 + n**2 + 3*n + 220. Is q(-2) composite?
True
Let y = 62 - -571. Is (4 + y/4)*4 composite?
True
Suppose -36*y + 32*y = 292. Let p = 194 - y. Is p a composite number?
True
Let b(x) = -x**3 - 5*x**2 - 6*x + 17. Let n be b(-11). Let j = n - 308. Suppose -4*f + j = -5*o, -f + o - 2*o = -114. Is f prime?
False
Let v = 10809 + 3180. Suppose 12*w = 15*w - 28326. Let l = v - w. Is l composite?
False
Suppose -2*g + 97446 = b - 32399, -5*b + 649195 = -5*g. Is b a prime number?
True
Let k = 2204 - -491. Let n = 5786 - k. Is n prime?
False
Let m = -92 + 90. Is 427819/343 - m/(-7) a prime number?
False
Let q(m) = -362*m + 377. Is q(-51) prime?
True
Let g(a) = 761*a + 249. Let f(b) = 381*b + 125. Let s(k) = 9*f(k) - 4*g(k). Is s(14) a composite number?
False
Let r = -851 + 1495. Suppose w - r = 1689. Is w composite?
False
Let k(x) = -x**2 + 35*x + 5. Let g be k(25). Suppose -g - 80 = -q. Is q prime?
False
Let u be (359/2)/(2/24). Suppose 18*i - 125 = -5*v + 13*i, -5*i = 4*v - 102. Suppose -v*c = -21*c - u. Is c a composite number?
True
Suppose 23177 = g + j, -g + 12818 = -4*j - 10354. Suppose y - 4*y = -4*b + 23160, g = 4*b + y. Is b a prime number?
False
Is (-6)/10*(-53637740)/156 a composite number?
False
Let v be (-14)/49 - (-43832)/(-7)*-6. Suppose 2*p + a - 11673 - 3350 = 0, 5*p + 5*a - v = 0. Is p a composite number?
True
Suppose -5*a + 3 = 8. Let b(v) = -v**2 - v. Let y(u) = -8*u**2 + 3*u - 2. Let j(f) = a*y(f) + 3*b(f). Is j(9) a composite number?
False
Suppose -152470583 = -612*j + 541*j. Is j prime?
True
Let k(g) = -1296*g + 3839. Is k(-98) a composite number?
True
Suppose 84*x - 5212600 + 1279100 = 6271408. Is x a prime number?
True
Let a(m) = 23 + m**2 - 5 - 5 - 12 + 4*m. Let r be a(-4). Let d(h) = 1670*h**3 + 2*h - 1. Is d(r) a prime number?
False
Is 333 + 41712 + (-2 - (0 - 0/(-1))) prime?
True
Suppose 5*v + 5*u = 8835, 0 = 5*v + 2*u + u - 8829. Let z = v - 50. Let o = z + -365. Is o a composite number?
True
Suppose -21*r + 43*r + 723055 = 27*r. Is r a composite number?
False
Suppose 8*y - 459790 = 121114. Is y composite?
False
Suppose 500*z - 165645778 = -52*z - 20188810. Is z prime?
False
Suppose 0 = -10*b + 5*b, 5 = 5*q - 2*b. Is (q - -7) + 27912 + 21 composite?
False
Let w = -2 + 2. Suppose w = -2*v + 5*v - 942. Let o = v + -211. Is o composite?
False
Suppose 0 = -8*q + 336 - 320. Is (-1 + q)*(475 + 3)/1 prime?
False
Is (-3 - (-4 - -5))*(-114544)/64 a prime number?
True
Suppose -q + 259 - 264 = 0. Is 15428 + (q - 4) + 8 a composite number?
False
Let u(z) = 340*z**2 - z + 2. Suppose m = 2*m - 9. Suppose m*n = 3*n + 6. Is u(n) prime?
False
Let j(g) be the first derivative of g**4/4 + 4*g**3/3 - 3*g**2/2 - 4*g - 1. Is j(-2) a prime number?
False
Let d = 1065864 - 760226. Is d a composite number?
True
Let q(n) = n**3 + 4*n**2 - 6*n - 2. Let t be q(-5). Suppose -t*a + a + 7 = -3*y, 0 = -2*y - 2. Suppose 133 = a*l - 121. Is l a composite number?
False
Suppose -13*k - k + 84 = 0. Suppose -2*h + k*s + 1916 = 3*s, 3*s = 3*h - 2874. Is h composite?
True
Suppose 5*k - 17 = -7. Suppose k*m + 674 = 4*c, m + 200 = c + 30. Suppose 0 = 6*l - c - 703. Is l prime?
False
Let c(b) = -22*b**3 - 29*b**2 + 19*b + 25. Let s be c(-26). Suppose 0 = 31*k - s - 442284. Is k prime?
False
Suppose 6238 - 1093 = 3*u. Suppose -14*k + u = -9*k. Suppose -3*m = 4*i - 335, 0*i = 3*m - 4*i - k. Is m a composite number?
False
Suppose -119331 = -3*m - 2*d, -m + 84*d + 39743 = 79*d. Is m a composite number?
True
Let v(q) = -9*q**3 + 6*q**2 + 3*q - 52. Let w be v(-12). Suppose 12 = -3*j, -4*c + 2*j + w = -13716. Is c composite?
True
Let m = -349 - -343. Let d(y) = 59*y**2 + 70*y + 5. Is d(m) prime?
True
Let p(l) = -13*l**2 - 3*l + 1. Let i be p(5). Is 4 + 41/(-3)*(i + 0) composite?
False
Let d(w) = -52*w**3 + 10*w**2 - 8*w + 1. Let p = 22 - 28. Is d(p) composite?
True
Suppose -2*z + 33923 = 3*d, -80*z - 4*d = -75*z - 84811. Is z prime?
True
Suppose -5*q = -i + 48854, 0 = -4*i - 3*q + 255077 - 59569. Suppose -92*c = -78*c - i. Is c prime?
True
Let t(l) = 54*l**3 - 4*l**2 + 6*l - 5. Let u(g) = -g + 21. Let r be u(18). Let n be t(r). Suppose n = 7*a - 3332. Is a a composite number?
True
Suppose -20 = 3*v - y, 0*y - 2*y = -3*v - 19. Is (v + (-42)/(-7))*-521 a composite number?
False
Let m be (-8)/9 + 407/(-99). Let u(s) = -7*s**3 + 7*s**2 - s + 6. Let t(q) = q - 1. Let p(f) = 2*t(f) + u(f). Is p(m) prime?
True
Suppose 375*p - 17756330 = 98*p + 10868019. Is p a composite number?
True
Suppose u - 1581 - 1086 = 0. Let z = -477 - -479. Suppose -u = -q - z*q. Is q composite?
True
Suppose -2*o - 1650 = -4*s, 2*o + 3*s = -1646 + 10. Suppose j + 5*m = -3*j + 4748, -2*j = -m - 2388. Let a = o + j. Is a a composite number?
True
Let l(b) = b**2 - 32*b + 174. Let u be l(8). Is 19/((u/(-51))/6) prime?
False
Let h(o) = o**3 + 13*o**2 + 33*o - 13. Let i be h(-9). Suppose 3879 = i*r - 4339. Is r composite?
False
Suppose 66 = -33*g - 165. Let z(v) = -4*v**3 + 2*v**2 - 8*v - 49. Is z(g) a composite number?
True
Let f(t) = -10*t**3 + 7*t**2 - 11*t + 34. Let x be f(11). Let q = -6423 - x. Is q composite?
True
Suppose 5*r - 46 = 2*m, 4*r - 20 = -m + 9. Suppose -9*d = -r*d - 701. Is d a composite number?
False
Let n = 1489 + -774. Let o be 20/(-10)*n/(-2). Suppose -o = z - 6*z. Is z a prime number?
False
Let j = 49922 - -3015. Is j a prime number?
True
Let l(f) = -373*f**3 - 9*f**2 - 12*f - 23. Is l(-6) a prime number?
False
Suppose -57 = -2*s - 21. Suppose 5*n = 3*w - 4*w + s, -5*w = -n + 14. Let m(q) = 2*q**3 - 7*q**2 + 3*q + 5. Is m(n) a prime number?
False
Let i be ((-2)/(-4))/(3/12). Let a(d) = -1465*d - 8. Let p(o) = -1476*o - 7. Let x(b) = 3*a(b) - 4*p(b). Is x(i) composite?
True
Is (-18)/(-135) + 4/(240/114052) a prime number?
True
Suppose 244 = 2*p - 2112. Let w(m) = 30 + 737*m**2 - 29 + 33*m**2 + p*m**2. Is w(1) a prime number?
True
Let r(x) = -2*x + 2. Let v(f) = 2*f**2 + f + 72. Let d(i) = -2*r(i) + v(i). Is d(33) a composite number?
False
Let d(s) = 8*s**2 + 527*s - 725. Is d(148) prime?
False
Let i be -7 - (-30516)/(-4) - 5. Let w = i - -22427. Is w prime?
False
Let d be (-5220)/3 + (3 - -3). Let m = d - -2807. Is m a composite number?
True
Let j(b) be the third derivative of 0*b - 6*b**2 - 1/60*b**5 + 1/120*b**6 + 311/6*b**3 + 0 - 1/24*b**4. Is j(0) a composite number?
False
Let i be (-12)/54*-1 + (-4)/18. Suppose -3*t - 3*t + 108 = i